09. Suppose -p = -4*z - 4*p + 579, 3*z - 438 = -p. Let h = z + n. Is h a composite number?
True
Suppose 0 = 2*z - 295 - 339. Is z composite?
False
Suppose 13*x - 8*x - 3*s = 74612, -3 = -3*s. Is x composite?
False
Let r = 29352 - 5299. Is r composite?
True
Is ((-429520)/(-117) + (-1)/9)/1 a prime number?
True
Let t be 3/7 - (-8)/14. Suppose c = -t - 1. Is c/(-6) - (-444)/18 prime?
False
Let g be (0 - (-20)/(-5)) + 25. Suppose g*w = 19*w + 14878. Is w a composite number?
True
Let x(z) = 5613*z**2 + 19*z + 53. Is x(-3) a composite number?
False
Let y(j) = 149*j**3. Let l(p) = 2*p**3 - 2*p**2. Let v be l(2). Let q(u) = -u**3 + 8*u**2 + u - 7. Let x be q(v). Is y(x) a composite number?
False
Let c(b) = -b**2 - 67*b + 157. Is c(-30) a composite number?
True
Let j(v) be the third derivative of 0 - v**2 - 11/24*v**4 + 0*v - 5/6*v**3 + 1/30*v**5. Is j(8) a prime number?
False
Suppose 7*p = -3*d + 2*p - 340, 2*p = 4*d + 410. Let w be ((-108)/(-14))/((-1)/(-28)). Let f = w + d. Is f composite?
True
Suppose 0 = 3*i - 3*x - 82587, -5*i - 2*x = 2*x - 137681. Suppose 8*z = -3*z + i. Is z a composite number?
False
Suppose 3*v - 2*g + 32 = 0, -4*v + 3*g = -g + 48. Is -3 - -385 - 12/(v/(-2)) prime?
True
Let i = -15069 + 35328. Let y = -14116 + i. Is y composite?
False
Let c(x) = x**2 - 5. Let g be c(-7). Suppose 4*w - 772 = -4*a, -3*w - 420 = -2*a - g. Is a a composite number?
False
Let t be (32/3)/(-4)*(-243)/3. Is 14445/t + (-1)/(-8) a composite number?
False
Let r(w) = -w**3 + 9*w**2 + 9*w + 13. Let b be r(10). Let c be (b - 9)*5/(-10). Suppose 2*h - 3 = c*g + 394, 5*g = -h + 166. Is h a prime number?
True
Let v(u) be the third derivative of 7*u**5/60 + 7*u**4/24 - 5*u**3/6 - u**2. Let g be 10*(15/6)/5. Is v(g) composite?
True
Let b(a) = -a + 9. Let p be b(7). Let x be (p + (-1 - 2))*-3. Suppose -d + 77 = 4*c, 0 = -4*c + x*d + 2*d + 71. Is c a prime number?
True
Let k be 341/3 - -2*3/18. Let l = k + -83. Is l a composite number?
False
Let y = 342 + -215. Is y a prime number?
True
Let u be (-2)/(-6)*3 - -1654. Suppose 10*k - u = 5*k. Is k a prime number?
True
Let l(f) = 16*f**2 + 11*f + 11. Let g(j) = -8*j**2 - 6*j - 5. Let n(r) = -7*g(r) - 3*l(r). Is n(-7) composite?
False
Suppose -10*m - 42 = -222. Suppose -34130 = 8*q - m*q. Is q prime?
True
Suppose 750*l - 217449 = 741*l. Is l a prime number?
False
Let w be 4/(-8) - (-3)/2. Is w + (-3 - -5) - -1070 composite?
True
Let n(o) = 176*o**2 - 9*o - 34. Is n(-5) a composite number?
True
Let a be (-12)/(-3) - (2 + -1). Suppose a*r - r = 0. Suppose 0 = -r*v - 4*v + 820. Is v prime?
False
Is (3/(-6))/((-6)/17724) composite?
True
Let d = -11 - -19. Let i be (-2)/d - 84/(-16). Suppose o = h - 266, 4*h + 766 = 7*h + i*o. Is h prime?
False
Suppose 0 = 5*y - 4*d - 6465, -7*y + 5*d + 5181 = -3*y. Suppose -4*a + 1036 = 4*k, -5*k = 4*a - 2*a - y. Is k prime?
True
Let h(f) = -f**3 + 4*f + 3. Let i be h(4). Suppose 0 = 5*z + 1851 - 7281. Is z/5 + 9/i prime?
False
Let j(a) = -2*a**2 - 14*a - 13. Let c be j(-5). Suppose -4788 + 1666 = -c*t. Is t a composite number?
True
Let i = -65913 - -131512. Is i a composite number?
False
Let z be 1/2*1316*3. Suppose 2*x = -x + z. Suppose s - x = -s. Is s composite?
True
Let j = 27743 + -14950. Is j a prime number?
False
Let i be (0 + (-12)/8)*6. Let k be (-12 - i) + -1 + 0. Is (-767)/k - 3/4 a composite number?
False
Let d be (1/(-3))/(3/9). Is (d/(-2))/(4/1192) composite?
False
Let g = -323 + 742. Is g a composite number?
False
Let s be (0 - 0) + (-22 - -3). Let x = -21 - s. Is 1893 + x/(-3)*3 composite?
True
Suppose 27*n = 35*n - 6232. Is n a composite number?
True
Let p = 26 - 33. Let b = p + 10. Suppose -b*i + 518 = -i. Is i prime?
False
Let y(h) = -h**2 - 34*h - 98. Let s be y(-31). Let j(i) = 43*i**2 - 6*i - 36. Is j(s) a composite number?
False
Let c(d) be the second derivative of d**4/2 - d**3/6 - d**2/2 + 3*d. Let q be c(-1). Is 197/q - 1/(-6) a composite number?
True
Suppose 953 = 3*g + v, g + 78 - 393 = -v. Let w = g + -120. Is w a composite number?
False
Suppose 0 = l - 6*l + 20. Suppose 188 = -5*m - l*r, 3*m - 4*m - 34 = 2*r. Is 17/(m/14 + 3) composite?
True
Suppose 0 = -4*t - 4*p + 72, 4*t - 4*p + 9*p - 69 = 0. Is (-3733)/(-5) + 0 + t/(-35) prime?
False
Let y(i) be the second derivative of -21*i**6/40 + i**5/120 - i**4/3 + 4*i. Let b(z) be the third derivative of y(z). Is b(-1) prime?
True
Suppose 2*p + 84 = -2*p. Let h be 3396/(-28) + (-6)/p. Let j = h + 236. Is j a prime number?
False
Let g = 1144 - 168. Suppose -z + 477 = -5*o, g = 2*z - o - 23. Is z a prime number?
False
Suppose 0 = -y + 7*y - 30. Let r(i) = 56*i**3 - i**2 + i - 1. Let k be r(1). Suppose -y*a = -70 - k. Is a a composite number?
True
Suppose 0 = f - 5*f + 5*z + 31, -2*z + 14 = 5*f. Suppose -4*a - 5*u = a - 40, 4 = 5*a - f*u. Suppose -2*l = a*l - 1338. Is l prime?
True
Is (-1 - -4 - (-5 - -979))*-7 a composite number?
True
Let x(v) = 22*v**3 - 5*v**2 + 24*v - 39. Let y be x(-19). Is 1*1/(-5) - y/15 prime?
False
Let b(v) = -v - 3. Let c be b(-5). Suppose -8520 = -6*h - c*h. Suppose -o - 5*j = 4*o - h, 3*o = -2*j + 635. Is o composite?
True
Suppose 7*b = 9*b - 578. Let n = b + -707. Let k = 943 - n. Is k prime?
True
Suppose -4*n + 6*n = 23582. Is n a prime number?
False
Suppose -20*j + 112 = -4*j. Is 2 + j*167/1 prime?
True
Let x = -5 - -4. Is 1/((-2)/(-5879))*(1 - x) a prime number?
True
Suppose -2*s + 3*r + 46930 = 0, 46910 = 2*s - 11*r + 13*r. Is s composite?
False
Let v be -1 - -3*60/9. Let a = -16 + v. Suppose a*f = 6*f - 663. Is f a composite number?
True
Let b = 163 - -341. Let c = b - 347. Is c a prime number?
True
Suppose 3*h = 4*d + 7, 2*h + h + 5*d - 25 = 0. Suppose h*v - 2390 = 2145. Is v composite?
False
Let p be 947 + (-4)/(-8 - -4). Let j = 2511 - p. Is j a prime number?
False
Let t(l) = 2*l + 4*l + l**2 - 43 + 30. Let y = 14 + -23. Is t(y) prime?
False
Suppose 20 = -5*r, -12*n + r = -10*n - 48322. Is n a prime number?
False
Is 4312441/28 - (-18)/(-24) prime?
False
Let g(v) = -v**2 + 7*v + 6*v + 5*v + 36 + 2*v**2. Is g(-25) prime?
True
Let i(y) = -y**3 - 5*y**2 - y + 9. Let x be i(-4). Let w(t) = -69*t + 12. Is w(x) a prime number?
False
Let g = 28777 - 10186. Is g composite?
True
Is 2901920/98 + 9/(-21) prime?
True
Let z be (-14)/(-4)*(-40)/(-35). Suppose 0 = z*r - 198 - 70. Is r a composite number?
False
Suppose 5 = -4*i + 21. Suppose -2*r + 101 = j, -i*r - 368 = -j - 3*j. Is j a composite number?
True
Let j be (-2)/(-10)*0 - (-29599)/1. Suppose -2*y - j = -3*g, -9883 = -g + 6*y - 2*y. Is g a prime number?
False
Suppose -15*k - 1561 = -8596. Is k a composite number?
True
Suppose -3*p + 1933 + 8180 = 0. Is p prime?
True
Let u be (5 - 5)*(-1)/(-3). Suppose u*t - 4*t + 664 = 0. Let p = t + -99. Is p composite?
False
Let w = 271 + -264. Let p(i) = -i**3 + 2*i**3 + 9*i + 1 + 8*i**2 - 2*i**3. Is p(w) a composite number?
False
Is (63215/20)/((-11)/(-44)) a prime number?
False
Suppose 304*q + 3064 = 308*q. Is q composite?
True
Suppose -28*l = -23*l. Suppose 0 = -l*k + 4*k + 3*b - 524, 5*k - 666 = -b. Is k composite?
True
Let p = 23 - 9. Let x(i) = 3 - 25*i - 4 + 9*i - p*i. Is x(-2) a prime number?
True
Let n(j) = -2*j. Let r be n(-4). Suppose -753 = -r*d + 5*d. Is d a prime number?
True
Suppose -95*t = -123*t + 2732548. Is t a composite number?
True
Let y(n) = -2*n**3 + 32*n**2 + 17*n - 17. Is y(12) prime?
False
Suppose -j + 15 = 2*j. Suppose -5*r = 3*s - 28, r = -j*s + s + 9. Suppose -597 = -r*a - 2*z, -5*z + 476 = 4*a - 3*z. Is a composite?
True
Suppose 4*i - 22 = d + 4*d, -5*i - 2*d = -11. Suppose -k + 394 - 87 = z, -299 = -k - i*z. Let g = k - 198. Is g a prime number?
True
Is (-16149)/28*(-20)/15 prime?
True
Suppose 32*t - 1098797 - 354867 = 0. Is t a prime number?
True
Suppose d = -4*x + 6983, -3*x = -4*x - 5*d + 1722. Is x a prime number?
True
Let g = 111 - 163. Let p = 105 + g. Is p prime?
True
Let x = -953 - -10190. Is x a composite number?
True
Let u = 70 - 98. Let c = -29 - u. Let l(f) = -406*f + 1. Is l(c) a composite number?
True
Let j(f) = 59*f**2 + 14*f - 281. Is j(-34) a prime number?
True
Let r = 1 + 0. Let o be r/(-2)*0*-1. Is -2 + -1 + o - -332 prime?
False
Suppose -2*x = -5*h + 2168 + 427, 0 = -5*h + 3*x + 2590. Is h prime?
True
Let o(w) = 76*w**2 - 7*w + 8. Let q(v) = -77*v